{"id":1776,"date":"2019-03-21T21:25:25","date_gmt":"2019-03-21T20:25:25","guid":{"rendered":"http:\/\/lesecuriesdepalheres.fr\/?page_id=1776"},"modified":"2019-03-26T19:30:49","modified_gmt":"2019-03-26T18:30:49","slug":"confidentialite","status":"publish","type":"page","link":"https:\/\/lesecuriesdepalheres.fr\/index.php\/confidentialite\/","title":{"rendered":"Politique de confidentialit\u00e9"},"content":{"rendered":"<p><section data-kc-parallax=\"true\" class=\"kc-elm kc-css-270977 kc-animated kc-animate-eff-fadeIn kc-animate-speed-3.5s kc_row\"><div class=\"kc-row-container  kc-container\"><div class=\"kc-wrap-columns\"><div class=\"kc-elm kc-css-781034 kc_col-sm-12 kc_column kc_col-sm-12\"><div class=\"kc-col-container\"><div class=\"kc-elm kc-css-226094 kc_tabs group kc-tabs-slider\"><div class=\"owl-carousel\" data-owl-options='{\"items\":1,\"speed\":450,\"navigation\":\"\",\"pagination\":\"\",\"autoheight\":\"\",\"autoplay\":\"yes\",\"tablet\":1,\"mobile\":1}'><div id=\"new-tab\" class=\"kc-elm kc-css-548053 kc_tab ui-tabs-panel kc_ui-tabs-hide kc_clearfix \"><div class=\"kc_tab_content\">\n<div class=\"kc-elm kc-css-220215 kc-animated kc-animate-eff-fadeIn kc-animate-speed-3s kc-title-wrap \">\n\n\t<h2 class=\"kc_title\">Les \u00e9curies de Palh\u00e8res<\/h2>\n<\/div>\n<div class=\"kc-elm kc-css-568496 kc_text_block\"><\/p>\n<p>\n<\/div><\/div><\/div><\/div><\/div><\/div><\/div><\/div><\/div><\/section><section data-kc-fullwidth=\"row\" class=\"kc-elm kc-css-419430 kc_row\"><div class=\"kc-row-container  kc-container\"><div class=\"kc-wrap-columns\"><div class=\"kc-elm kc-css-420097 kc_col-sm-12 kc_column kc_col-sm-12\"><div class=\"kc-col-container\">\n<div class=\"kc-elm kc-css-533657 kc-title-wrap \">\n\n\t<h1 class=\"kc_title\">Politique de confidentialit\u00e9<\/h1>\n<\/div>\n\n<div class=\"kc-elm kc-css-659225 divider_line\">\n\t<div class=\"divider_inner divider_line1\">\n\t\t\t<\/div>\n<\/div>\n\n<div class=\"kc-elm kc-css-410627 kc-title-wrap \">\n\n\t<h1 class=\"kc_title\">Gestion des donn\u00e9es personnelles<\/h1>\n<\/div>\n<div class=\"kc-elm kc-css-188595 kc_row kc_row_inner\"><div class=\"kc-elm kc-css-136548 kc_col-sm-12 kc_column_inner kc_col-sm-12\"><div class=\"kc_wrapper kc-col-inner-container\"><div class=\"kc-elm kc-css-375866 kc_text_block\"><\/p>\n<div>En France, les donn\u00e9es personnelles sont notamment prot\u00e9g\u00e9es par la loi n\u00b0 78-87 du 6 janvier 1978 modifi\u00e9e,&nbsp; l\u2019article L. 226-13 du Code p\u00e9nal et le R\u00e8glement (UE) 2016\/ du 27 avril 2016 relatif \u00e0 la protection des personnes physiques \u00e0 l\u2019\u00e9gard du traitement des donn\u00e9es \u00e0 caract\u00e8re personnel et \u00e0 la libre circulation de ces donn\u00e9es. <\/div>\n<div><\/div>\n<div>A l\u2019occasion de l\u2019utilisation du site lesecuriesdepalheres.fr , peuvent \u00eatres recueillies : l\u2019URL des liens par l\u2019interm\u00e9diaire desquels l\u2019utilisateur a acc\u00e9d\u00e9 au site lesecuriesdepalheres.fr , le fournisseur d\u2019acc\u00e8s de l\u2019utilisateur, l\u2019adresse de protocole Internet (IP) de l\u2019utilisateur. <\/div>\n<div><\/div>\n<div>En tout \u00e9tat de cause, Les \u00c9curies de Palh\u00e8res ne collectent des informations personnelles relatives \u00e0 l\u2019utilisateur que pour le besoin de certains services propos\u00e9s par le site lesecuriesdepalheres.fr, tel que le formulaire de contact. L\u2019utilisateur fournit ces informations en toute connaissance de cause, notamment lorsqu\u2019il proc\u00e8de par lui-m\u00eame \u00e0 leur saisie. Il est alors pr\u00e9cis\u00e9 \u00e0 l\u2019utilisateur du site lesecuriesdepalheres.fr&nbsp; l\u2019obligation ou non de fournir ces informations.<\/div>\n<div><\/div>\n<div>Conform\u00e9ment aux dispositions n\u00b0 78-17 du 6 janvier 1978 relative \u00e0 l\u2019informatique, aux fichiers et aux libert\u00e9s modifi\u00e9e par la loi 2018-493 du 20 juin 2018, aux fichiers et aux libert\u00e9s, tout utilisateur dispose d\u2019un droit d\u2019acc\u00e8s, de rectification et d\u2019opposition aux donn\u00e9es personnelles le concernant, en effectuant sa demande \u00e9crite et sign\u00e9e, accompagn\u00e9e d\u2019une copie du titre d\u2019identit\u00e9 avec signature du titulaire de la pi\u00e8ce, en pr\u00e9cisant l\u2019adresse \u00e0 laquelle la r\u00e9ponse doit \u00eatre envoy\u00e9e.<\/div>\n<p>Pour toutes demandes concernant les donn\u00e9es personnelles :<\/p>\n<div>Les \u00c9curies de Palh\u00e8res \u2013 Le Hameau de Palh\u00e8res &#8211; 48300 Rocles : eric.sillere(a-t)lesecuriesdepalheres.fr<\/div>\n<p>T\u00e9l\u00e9phone :&nbsp; 06.87.30.56.59<\/p>\n<p>Aucune information personnelle de l\u2019utilisateur du site lesecuriesdepalheres.fr n\u2019est publi\u00e9e \u00e0 l\u2019insu de l\u2019utilisateur, \u00e9chang\u00e9e, transf\u00e9r\u00e9e, c\u00e9d\u00e9e ou vendue sur un support quelconque \u00e0 des tiers. Seule l\u2019hypoth\u00e8se du transfert d\u2019activit\u00e9 des \u00c9curies de Palh\u00e8res et de ses droits permettrait la transmission des dites informations \u00e0 l\u2019\u00e9ventuel acqu\u00e9reur qui serait \u00e0 son tour tenu de la m\u00eame obligation de conservation et de modification des donn\u00e9es vis \u00e0 vis de l\u2019utilisateur du site lesecuriesdepalheres.fr. Les bases de donn\u00e9es sont prot\u00e9g\u00e9es par les dispositions du code de la propri\u00e9t\u00e9 intellectuelle.<\/p>\n<p>\n<\/div><\/div><\/div><\/div>\n<div class=\"kc-elm kc-css-706577 kc-title-wrap \">\n\n\t<h1 class=\"kc_title\">Vos donn\u00e9es et vos droits<\/h1>\n<\/div>\n<div class=\"kc-elm kc-css-874571 kc_text_block\"><\/p>\n<div class=\"elementor-element elementor-element-1c36264 elementor-widget elementor-widget-text-editor\" data-id=\"1c36264\" data-element_type=\"widget\" data-widget_type=\"text-editor.default\">\n<div class=\"elementor-widget-container\">\n<div class=\"elementor-text-editor elementor-clearfix\">\n<p>Vous pouvez demander \u00e0 recevoir un fichier contenant toutes les donn\u00e9es personnelles que nous poss\u00e9dons \u00e0 votre sujet, incluant celles que vous nous avez fournies. Vous pouvez \u00e9galement demander la suppression des donn\u00e9es personnelles vous concernant. Cela ne prend pas en compte les donn\u00e9es stock\u00e9es \u00e0 des fins administratives, l\u00e9gales ou pour des raisons<br \/>de s\u00e9curit\u00e9.<\/p>\n<p>Pour en savoir plus sur vos droits, consultez le site de la\u00a0<a href=\"https:\/\/www.cnil.fr\/les-droits-pour-maitriser-vos-donnees-personnelles\">CNIL<\/a><\/p>\n<\/div>\n<\/div>\n<\/div>\n<p>\n<\/div>\n<div class=\"kc-elm kc-css-617513 kc-title-wrap \">\n\n\t<h1 class=\"kc_title\">Les cookies<\/h1>\n<\/div>\n<div class=\"kc-elm kc-css-267976 kc_text_block\"><\/p>\n<div class=\"elementor-element elementor-element-1c36264 elementor-widget elementor-widget-text-editor\" data-id=\"1c36264\" data-element_type=\"widget\" data-widget_type=\"text-editor.default\">\n<div class=\"elementor-widget-container\">\n<div class=\"elementor-text-editor elementor-clearfix\">La navigation sur le site lesecuriesdepalheres.fr est susceptible de provoquer l\u2019installation de cookie(s) sur l\u2019ordinateur de l\u2019utilisateur. Un cookie est un fichier de petite taille, qui ne permet pas l\u2019identification de l\u2019utilisateur, mais qui enregistre des informations relatives \u00e0 la navigation d\u2019un ordinateur sur un site. Les donn\u00e9es ainsi obtenues visent \u00e0 faciliter la navigation ult\u00e9rieure sur le site, et ont \u00e9galement vocation \u00e0 permettre diverses mesures de fr\u00e9quentation.<\/p>\n<p>Le refus d\u2019installation d\u2019un cookie peut entra\u00eener l\u2019impossibilit\u00e9 d\u2019acc\u00e9der \u00e0 certains services. L\u2019utilisateur peut toutefois configurer son ordinateur de la mani\u00e8re suivante, pour refuser l\u2019installation des cookies :<\/p>\n<p>Sous Internet Explorer : onglet outil (pictogramme en forme de rouage en haut \u00e0 droite) \/ options internet. Cliquez sur Confidentialit\u00e9 et choisissez Bloquer tous les cookies. Validez sur Ok.<\/p>\n<p>Sous Firefox : en haut de la fen\u00eatre du navigateur, cliquez sur le bouton Firefox, puis aller dans l\u2019onglet Options. Cliquer sur l\u2019onglet Vie priv\u00e9e.<br \/>Param\u00e9trez les R\u00e8gles de conservation sur : utiliser les param\u00e8tres personnalis\u00e9s pour l\u2019historique. Enfin d\u00e9cochez-la pour d\u00e9sactiver les cookies.<\/p>\n<p>Sous Safari : Cliquez en haut \u00e0 droite du navigateur sur le pictogramme de menu (symbolis\u00e9 par un rouage). S\u00e9lectionnez Param\u00e8tres. Cliquez sur Afficher les param\u00e8tres avanc\u00e9s. Dans la section \u201cConfidentialit\u00e9\u201d, cliquez sur Param\u00e8tres de contenu. Dans la section \u201cCookies\u201d, vous pouvez bloquer les cookies.<\/p>\n<p>Sous Chrome : Cliquez en haut \u00e0 droite du navigateur sur le pictogramme de menu (symbolis\u00e9 par trois lignes horizontales). S\u00e9lectionnez Param\u00e8tres. Cliquez sur Afficher les param\u00e8tres avanc\u00e9s. Dans la section \u201cConfidentialit\u00e9\u201d, cliquez sur pr\u00e9f\u00e9rences. Dans l\u2019onglet \u201cConfidentialit\u00e9\u201d, vous pouvez bloquer les cookies.<\/p>\n<\/div>\n<\/div>\n<\/div>\n<p>\n<\/div>\n<div class=\"kc-elm kc-css-207076 divider_line\">\n\t<div class=\"divider_inner divider_line1\">\n\t\t\t<\/div>\n<\/div>\n<div class=\"kc-elm kc-css-887392 kc_row kc_row_inner\"><div class=\"kc-elm kc-css-337787 kc_col-sm-6 kc_column_inner kc_col-sm-6\"><div class=\"kc_wrapper kc-col-inner-container\"><div class=\"kc-elm kc-css-547747 kc-feature-boxes kc-fb-layout-3\">\n\n\t<div class=\"content-icon\"><i class=\"et-map\"><\/i><\/div><div class=\"box-right\"><div class=\"content-title\">Nos bureaux<\/div><div class=\"content-desc\">Les \u00e9curies de Palh\u00e8res<br>\r\n\r\nPalh\u00e8res<br>\r\n\r\n48300 Rocles<br>\r\n\r\nFrance<br>\r\n\r\n+33 687305659<br><\/div><\/div>\n<\/div>\n<\/div><\/div><div class=\"kc-elm kc-css-17321 kc_col-sm-6 kc_column_inner kc_col-sm-6\"><div class=\"kc_wrapper kc-col-inner-container\"><div class=\"kc-elm kc-css-718335 kc-feature-boxes kc-fb-layout-3\">\n\n\t<div class=\"content-icon\"><i class=\"et-map\"><\/i><\/div><div class=\"box-right\"><div class=\"content-title\">Horaires<\/div><div class=\"content-desc\">Du lundi au vendredi -> 9:00 - 19:00<br>\r\nSamedi -> 9:00 - 17:00<br>\r\nDimanche -> Repos<\/div><\/div>\n<\/div>\n<\/div><\/div><\/div>\n<div class=\"kc-elm kc-css-66428 divider_line\">\n\t<div class=\"divider_inner divider_line1\">\n\t\t\t<\/div>\n<\/div>\n<div class=\"kc-elm kc-css-597497 kc_google_maps kc_shortcode\"><div style=\"height: 350px\" class=\"kc-google-maps\"><iframe loading=\"lazy\" src=\"https:\/\/www.google.com\/maps\/embed?pb=!1m18!1m12!1m3!1d2834.1937289486855!2d3.778798615894974!3d44.73606427909909!2m3!1f0!2f0!3f0!3m2!1i1024!2i768!4f13.1!3m3!1m2!1s0x12b4a72ac1a97ed7%3A0x1c5a0e2f9cc4cc31!2sLes+Ecuries+de+Palh%C3%A8res!5e0!3m2!1sfr!2sfr!4v1545386528494\" width=\"100%\" height=\"350\" frameborder=\"0\" style=\"border:0\" allowfullscreen><\/iframe><\/div><\/div><\/div><\/div><\/div><\/div><\/section><\/p>\n","protected":false},"excerpt":{"rendered":"","protected":false},"author":2,"featured_media":0,"parent":0,"menu_order":0,"comment_status":"closed","ping_status":"closed","template":"template-parts\/template-homepage.php","meta":{"footnotes":""},"class_list":["post-1776","page","type-page","status-publish","hentry"],"yoast_head":"<!-- This site is optimized with the Yoast SEO plugin v27.5 - https:\/\/yoast.com\/product\/yoast-seo-wordpress\/ -->\n<title>Politique de confidentialit\u00e9 - Les \u00e9curies de Palh\u00e8res<\/title>\n<meta name=\"description\" content=\"Les \u00e9curies de Palh\u00e8res - Rando ou promendade \u00e0 cheval Loz\u00e8re, \u00e9cole d&#039;\u00e9quitation Langogne, Lac de Naussac\" \/>\n<meta name=\"robots\" content=\"index, follow, max-snippet:-1, max-image-preview:large, max-video-preview:-1\" \/>\n<link rel=\"canonical\" href=\"https:\/\/lesecuriesdepalheres.fr\/index.php\/confidentialite\/\" \/>\n<meta property=\"og:locale\" content=\"fr_FR\" \/>\n<meta property=\"og:type\" content=\"article\" \/>\n<meta property=\"og:title\" content=\"Politique de confidentialit\u00e9 - Les \u00e9curies de Palh\u00e8res\" \/>\n<meta property=\"og:description\" content=\"Les \u00e9curies de Palh\u00e8res - Rando ou promendade \u00e0 cheval Loz\u00e8re, \u00e9cole d&#039;\u00e9quitation Langogne, Lac de Naussac\" \/>\n<meta property=\"og:url\" content=\"https:\/\/lesecuriesdepalheres.fr\/index.php\/confidentialite\/\" \/>\n<meta property=\"og:site_name\" content=\"Les \u00e9curies de Palh\u00e8res\" \/>\n<meta property=\"article:publisher\" content=\"https:\/\/www.facebook.com\/lesecuriesdepalheres\" \/>\n<meta property=\"article:modified_time\" content=\"2019-03-26T18:30:49+00:00\" \/>\n<meta name=\"twitter:card\" content=\"summary_large_image\" \/>\n<meta name=\"twitter:label1\" content=\"Dur\u00e9e de lecture estim\u00e9e\" \/>\n\t<meta name=\"twitter:data1\" content=\"4 minutes\" \/>\n<script type=\"application\/ld+json\" class=\"yoast-schema-graph\">{\"@context\":\"https:\\\/\\\/schema.org\",\"@graph\":[{\"@type\":\"WebPage\",\"@id\":\"https:\\\/\\\/lesecuriesdepalheres.fr\\\/index.php\\\/confidentialite\\\/\",\"url\":\"https:\\\/\\\/lesecuriesdepalheres.fr\\\/index.php\\\/confidentialite\\\/\",\"name\":\"Politique de confidentialit\u00e9 - Les \u00e9curies de Palh\u00e8res\",\"isPartOf\":{\"@id\":\"https:\\\/\\\/lesecuriesdepalheres.fr\\\/#website\"},\"datePublished\":\"2019-03-21T20:25:25+00:00\",\"dateModified\":\"2019-03-26T18:30:49+00:00\",\"description\":\"Les \u00e9curies de Palh\u00e8res - Rando ou promendade \u00e0 cheval Loz\u00e8re, \u00e9cole d'\u00e9quitation Langogne, Lac de Naussac\",\"breadcrumb\":{\"@id\":\"https:\\\/\\\/lesecuriesdepalheres.fr\\\/index.php\\\/confidentialite\\\/#breadcrumb\"},\"inLanguage\":\"fr-FR\",\"potentialAction\":[{\"@type\":\"ReadAction\",\"target\":[\"https:\\\/\\\/lesecuriesdepalheres.fr\\\/index.php\\\/confidentialite\\\/\"]}]},{\"@type\":\"BreadcrumbList\",\"@id\":\"https:\\\/\\\/lesecuriesdepalheres.fr\\\/index.php\\\/confidentialite\\\/#breadcrumb\",\"itemListElement\":[{\"@type\":\"ListItem\",\"position\":1,\"name\":\"Accueil\",\"item\":\"https:\\\/\\\/lesecuriesdepalheres.fr\\\/\"},{\"@type\":\"ListItem\",\"position\":2,\"name\":\"Politique de confidentialit\u00e9\"}]},{\"@type\":\"WebSite\",\"@id\":\"https:\\\/\\\/lesecuriesdepalheres.fr\\\/#website\",\"url\":\"https:\\\/\\\/lesecuriesdepalheres.fr\\\/\",\"name\":\"Les \u00e9curies de Palh\u00e8res\",\"description\":\"\",\"publisher\":{\"@id\":\"https:\\\/\\\/lesecuriesdepalheres.fr\\\/#organization\"},\"potentialAction\":[{\"@type\":\"SearchAction\",\"target\":{\"@type\":\"EntryPoint\",\"urlTemplate\":\"https:\\\/\\\/lesecuriesdepalheres.fr\\\/?s={search_term_string}\"},\"query-input\":{\"@type\":\"PropertyValueSpecification\",\"valueRequired\":true,\"valueName\":\"search_term_string\"}}],\"inLanguage\":\"fr-FR\"},{\"@type\":\"Organization\",\"@id\":\"https:\\\/\\\/lesecuriesdepalheres.fr\\\/#organization\",\"name\":\"Les \u00e9curies de Palh\u00e8res\",\"url\":\"https:\\\/\\\/lesecuriesdepalheres.fr\\\/\",\"logo\":{\"@type\":\"ImageObject\",\"inLanguage\":\"fr-FR\",\"@id\":\"https:\\\/\\\/lesecuriesdepalheres.fr\\\/#\\\/schema\\\/logo\\\/image\\\/\",\"url\":\"https:\\\/\\\/lesecuriesdepalheres.fr\\\/wp-content\\\/uploads\\\/2019\\\/02\\\/Logo.png\",\"contentUrl\":\"https:\\\/\\\/lesecuriesdepalheres.fr\\\/wp-content\\\/uploads\\\/2019\\\/02\\\/Logo.png\",\"width\":622,\"height\":836,\"caption\":\"Les \u00e9curies de Palh\u00e8res\"},\"image\":{\"@id\":\"https:\\\/\\\/lesecuriesdepalheres.fr\\\/#\\\/schema\\\/logo\\\/image\\\/\"},\"sameAs\":[\"https:\\\/\\\/www.facebook.com\\\/lesecuriesdepalheres\"]}]}<\/script>\n<!-- \/ Yoast SEO plugin. -->","yoast_head_json":{"title":"Politique de confidentialit\u00e9 - Les \u00e9curies de Palh\u00e8res","description":"Les \u00e9curies de Palh\u00e8res - Rando ou promendade \u00e0 cheval Loz\u00e8re, \u00e9cole d'\u00e9quitation Langogne, Lac de Naussac","robots":{"index":"index","follow":"follow","max-snippet":"max-snippet:-1","max-image-preview":"max-image-preview:large","max-video-preview":"max-video-preview:-1"},"canonical":"https:\/\/lesecuriesdepalheres.fr\/index.php\/confidentialite\/","og_locale":"fr_FR","og_type":"article","og_title":"Politique de confidentialit\u00e9 - Les \u00e9curies de Palh\u00e8res","og_description":"Les \u00e9curies de Palh\u00e8res - Rando ou promendade \u00e0 cheval Loz\u00e8re, \u00e9cole d'\u00e9quitation Langogne, Lac de Naussac","og_url":"https:\/\/lesecuriesdepalheres.fr\/index.php\/confidentialite\/","og_site_name":"Les \u00e9curies de Palh\u00e8res","article_publisher":"https:\/\/www.facebook.com\/lesecuriesdepalheres","article_modified_time":"2019-03-26T18:30:49+00:00","twitter_card":"summary_large_image","twitter_misc":{"Dur\u00e9e de lecture estim\u00e9e":"4 minutes"},"schema":{"@context":"https:\/\/schema.org","@graph":[{"@type":"WebPage","@id":"https:\/\/lesecuriesdepalheres.fr\/index.php\/confidentialite\/","url":"https:\/\/lesecuriesdepalheres.fr\/index.php\/confidentialite\/","name":"Politique de confidentialit\u00e9 - Les \u00e9curies de Palh\u00e8res","isPartOf":{"@id":"https:\/\/lesecuriesdepalheres.fr\/#website"},"datePublished":"2019-03-21T20:25:25+00:00","dateModified":"2019-03-26T18:30:49+00:00","description":"Les \u00e9curies de Palh\u00e8res - Rando ou promendade \u00e0 cheval Loz\u00e8re, \u00e9cole d'\u00e9quitation Langogne, Lac de Naussac","breadcrumb":{"@id":"https:\/\/lesecuriesdepalheres.fr\/index.php\/confidentialite\/#breadcrumb"},"inLanguage":"fr-FR","potentialAction":[{"@type":"ReadAction","target":["https:\/\/lesecuriesdepalheres.fr\/index.php\/confidentialite\/"]}]},{"@type":"BreadcrumbList","@id":"https:\/\/lesecuriesdepalheres.fr\/index.php\/confidentialite\/#breadcrumb","itemListElement":[{"@type":"ListItem","position":1,"name":"Accueil","item":"https:\/\/lesecuriesdepalheres.fr\/"},{"@type":"ListItem","position":2,"name":"Politique de confidentialit\u00e9"}]},{"@type":"WebSite","@id":"https:\/\/lesecuriesdepalheres.fr\/#website","url":"https:\/\/lesecuriesdepalheres.fr\/","name":"Les \u00e9curies de Palh\u00e8res","description":"","publisher":{"@id":"https:\/\/lesecuriesdepalheres.fr\/#organization"},"potentialAction":[{"@type":"SearchAction","target":{"@type":"EntryPoint","urlTemplate":"https:\/\/lesecuriesdepalheres.fr\/?s={search_term_string}"},"query-input":{"@type":"PropertyValueSpecification","valueRequired":true,"valueName":"search_term_string"}}],"inLanguage":"fr-FR"},{"@type":"Organization","@id":"https:\/\/lesecuriesdepalheres.fr\/#organization","name":"Les \u00e9curies de Palh\u00e8res","url":"https:\/\/lesecuriesdepalheres.fr\/","logo":{"@type":"ImageObject","inLanguage":"fr-FR","@id":"https:\/\/lesecuriesdepalheres.fr\/#\/schema\/logo\/image\/","url":"https:\/\/lesecuriesdepalheres.fr\/wp-content\/uploads\/2019\/02\/Logo.png","contentUrl":"https:\/\/lesecuriesdepalheres.fr\/wp-content\/uploads\/2019\/02\/Logo.png","width":622,"height":836,"caption":"Les \u00e9curies de Palh\u00e8res"},"image":{"@id":"https:\/\/lesecuriesdepalheres.fr\/#\/schema\/logo\/image\/"},"sameAs":["https:\/\/www.facebook.com\/lesecuriesdepalheres"]}]}},"_links":{"self":[{"href":"https:\/\/lesecuriesdepalheres.fr\/index.php\/wp-json\/wp\/v2\/pages\/1776","targetHints":{"allow":["GET"]}}],"collection":[{"href":"https:\/\/lesecuriesdepalheres.fr\/index.php\/wp-json\/wp\/v2\/pages"}],"about":[{"href":"https:\/\/lesecuriesdepalheres.fr\/index.php\/wp-json\/wp\/v2\/types\/page"}],"author":[{"embeddable":true,"href":"https:\/\/lesecuriesdepalheres.fr\/index.php\/wp-json\/wp\/v2\/users\/2"}],"replies":[{"embeddable":true,"href":"https:\/\/lesecuriesdepalheres.fr\/index.php\/wp-json\/wp\/v2\/comments?post=1776"}],"version-history":[{"count":46,"href":"https:\/\/lesecuriesdepalheres.fr\/index.php\/wp-json\/wp\/v2\/pages\/1776\/revisions"}],"predecessor-version":[{"id":1994,"href":"https:\/\/lesecuriesdepalheres.fr\/index.php\/wp-json\/wp\/v2\/pages\/1776\/revisions\/1994"}],"wp:attachment":[{"href":"https:\/\/lesecuriesdepalheres.fr\/index.php\/wp-json\/wp\/v2\/media?parent=1776"}],"curies":[{"name":"wp","href":"https:\/\/api.w.org\/{rel}","templated":true}]}}