{"id":1159,"date":"2019-02-20T23:54:53","date_gmt":"2019-02-20T22:54:53","guid":{"rendered":"http:\/\/lesecuriesdepalheres.fr\/?page_id=1159"},"modified":"2025-05-05T16:17:42","modified_gmt":"2025-05-05T14:17:42","slug":"promenade","status":"publish","type":"page","link":"https:\/\/lesecuriesdepalheres.fr\/index.php\/promenade\/","title":{"rendered":"Promenade \u00e0 l&rsquo;heure"},"content":{"rendered":"<p><section data-kc-parallax=\"true\" class=\"kc-elm kc-css-957064 kc-animated kc-animate-eff-fadeIn kc-animate-speed-3.5s kc_row\"><div class=\"kc-row-container  kc-container\"><div class=\"kc-wrap-columns\"><div class=\"kc-elm kc-css-639608 kc_col-sm-12 kc_column kc_col-sm-12\"><div class=\"kc-col-container\"><div class=\"kc-elm kc-css-718816 kc_tabs group kc-tabs-slider\"><div class=\"owl-carousel\" data-owl-options='{\"items\":1,\"speed\":450,\"navigation\":\"\",\"pagination\":\"\",\"autoheight\":\"\",\"autoplay\":\"yes\",\"tablet\":1,\"mobile\":1}'><div id=\"new-tab\" class=\"kc-elm kc-css-892558 kc_tab ui-tabs-panel kc_ui-tabs-hide kc_clearfix \"><div class=\"kc_tab_content\">\n<div class=\"kc-elm kc-css-798298 kc-animated kc-animate-eff-fadeIn kc-animate-speed-3s kc-title-wrap \">\n\n\t<h2 class=\"kc_title\">Les \u00e9curies de Palh\u00e8res<\/h2>\n<\/div>\n<div class=\"kc-elm kc-css-581438 kc_text_block\"><\/p>\n<p>\n<\/div><\/div><\/div><\/div><\/div><\/div><\/div><\/div><\/div><\/section><section data-kc-fullwidth=\"row\" class=\"kc-elm kc-css-781875 kc_row\"><div class=\"kc-row-container  kc-container\"><div class=\"kc-wrap-columns\"><div class=\"kc-elm kc-css-91326 kc_col-sm-12 kc_column kc_col-sm-12\"><div class=\"kc-col-container\"><div class=\"kc-elm kc-css-889975 kc_row kc_row_inner\"><div class=\"kc-elm kc-css-728709 kc_col-sm-8 kc_column_inner kc_col-sm-8\"><div class=\"kc_wrapper kc-col-inner-container\">\n<div class=\"kc-elm kc-css-404607 kc-title-wrap \">\n\n\t<h1 class=\"kc_title\">Promenade \u00e0 l'heure<\/h1>\n<\/div>\n<div class=\"kc-elm kc-css-199657\" style=\"height: 10px; clear: both; width:100%;\"><\/div><div class=\"kc-elm kc-css-688339 kc_text_block\"><\/p>\n<p class=\"western\" style=\"margin-bottom: 0cm;\" align=\"left\"><a name=\"__DdeLink__1015_154512363\"><\/a>Si vous avez envie de faire une promenade d&rsquo;une heure ou de deux heures, en famille, entre amis, en amoureux ou seul, vous pouvez prendre rendez-vous au <strong>0687305659<\/strong>.<\/p>\n<p class=\"western\" style=\"margin-bottom: 0cm;\" align=\"left\">Nous vous ferons d\u00e9couvrir les merveilleux paysages entourant le centre, notamment autour du lac de Naussac. Le niveau de la promenade est adapt\u00e9 aux cavaliers, d\u00e9butants ou plus confirm\u00e9s.<\/p>\n<p class=\"western\" style=\"margin-bottom: 0cm;\" align=\"left\">Pour les tous petits, nous vous confions un poney sur un parcours d\u2019une demi-heure, pour leur faire d\u00e9couvrir les sensations de l\u2019\u00e9quitation et la joie de se balader \u00e0 poney.<\/p>\n<p class=\"western\" style=\"margin-bottom: 0cm;\" align=\"left\">Nous accueillons aussi des groupes, de mani\u00e8re ponctuelle ou plus r\u00e9guli\u00e8re, sur r\u00e9servation. Projet de colonie de vacances\u00a0? de sortie avec votre \u00e9quipe pour partager un bon moment tous ensemble\u00a0? enterrement de vie de jeune fille ou gar\u00e7on\u00a0? ou tout autre contexte..<\/p>\n<p class=\"western\" style=\"margin-bottom: 0cm;\" align=\"left\">Contactez-nous pour organiser le programme qui vous convient.<\/p>\n<p>\n<\/div><\/div><\/div><div class=\"kc-elm kc-css-595048 kc_col-sm-4 kc_column_inner kc_col-sm-4\"><div class=\"kc_wrapper kc-col-inner-container\"><div class=\"kc-elm kc-css-697695 kc_shortcode kc_single_image\">\n\n        <img decoding=\"async\" src=\"https:\/\/lesecuriesdepalheres.fr\/wp-content\/uploads\/2019\/03\/4.jpg\" class=\"\" alt=\"\" \/>    <\/div>\n<\/div><\/div><\/div>\n<div class=\"kc-elm kc-css-876505 divider_line\">\n\t<div class=\"divider_inner divider_line1\">\n\t\t\t<\/div>\n<\/div>\n\n<div class=\"kc-elm kc-css-618958 kc-title-wrap \">\n\n\t<h1 class=\"kc_title\">Tarifs<\/h1>\n<\/div>\n<div class=\"kc-elm kc-css-289369\" style=\"height: 40px; clear: both; width:100%;\"><\/div><div class=\"kc-elm kc-css-509649 kc_row kc_row_inner\"><div class=\"kc-elm kc-css-801458 kc_col-sm-12 kc_column_inner kc_col-sm-12\"><div class=\"kc_wrapper kc-col-inner-container\"><div class=\"kc-elm kc-css-568960 kc_text_block\"><\/p>\n<ul>\n<li>1 heure : 25 \u20ac par personne<\/li>\n<li>2 heures : 40 \u20ac par personne<\/li>\n<li>Promenade \u00e0 poney sur le sentier p\u00e9dagogique des 10 petits poneys : 15\u20ac <\/li>\n<li>Toute autre prestation, devis sur demande<\/li>\n<\/ul>\n<p>\n<\/div><\/div><\/div><\/div>\n<div class=\"kc-elm kc-css-912642 divider_line\">\n\t<div class=\"divider_inner divider_line1\">\n\t\t\t<\/div>\n<\/div>\n<div class=\"kc-elm kc-css-370702 kc_row kc_row_inner\"><div class=\"kc-elm kc-css-734820 kc_col-sm-6 kc_column_inner kc_col-sm-6\"><div class=\"kc_wrapper kc-col-inner-container\"><div class=\"kc-elm kc-css-62158 kc-feature-boxes kc-fb-layout-3\">\n\n\t<div class=\"content-icon\"><i class=\"et-map\"><\/i><\/div><div class=\"box-right\"><div class=\"content-title\">Nos bureaux<\/div><div class=\"content-desc\">Les \u00e9curies de Palh\u00e8res<br>\r\n\r\nPalh\u00e8res<br>\r\n\r\n48300 Rocles<br>\r\n\r\nFrance<br>\r\n\r\n+33 687305659<br><\/div><\/div>\n<\/div>\n<\/div><\/div><div class=\"kc-elm kc-css-341528 kc_col-sm-6 kc_column_inner kc_col-sm-6\"><div class=\"kc_wrapper kc-col-inner-container\"><div class=\"kc-elm kc-css-985475 kc-feature-boxes kc-fb-layout-3\">\n\n\t<div class=\"content-icon\"><i class=\"et-map\"><\/i><\/div><div class=\"box-right\"><div class=\"content-title\">Horaires<\/div><div class=\"content-desc\">Du lundi au vendredi -> 9:00 - 19:00<br>\r\nSamedi -> 9:00 - 17:00<br>\r\nDimanche -> Repos<\/div><\/div>\n<\/div>\n<\/div><\/div><\/div>\n<div class=\"kc-elm kc-css-942653 divider_line\">\n\t<div class=\"divider_inner divider_line1\">\n\t\t\t<\/div>\n<\/div>\n<div class=\"kc-elm kc-css-238406 kc_google_maps kc_shortcode\"><div style=\"height: 350px\" class=\"kc-google-maps\"><iframe loading=\"lazy\" src=\"https:\/\/www.google.com\/maps\/embed?pb=!1m18!1m12!1m3!1d2834.1937289486855!2d3.778798615894974!3d44.73606427909909!2m3!1f0!2f0!3f0!3m2!1i1024!2i768!4f13.1!3m3!1m2!1s0x12b4a72ac1a97ed7%3A0x1c5a0e2f9cc4cc31!2sLes+Ecuries+de+Palh%C3%A8res!5e0!3m2!1sfr!2sfr!4v1545386528494\" width=\"100%\" height=\"350\" frameborder=\"0\" style=\"border:0\" allowfullscreen><\/iframe><\/div><\/div><\/div><\/div><\/div><\/div><\/section><\/p>\n","protected":false},"excerpt":{"rendered":"","protected":false},"author":2,"featured_media":0,"parent":0,"menu_order":0,"comment_status":"closed","ping_status":"closed","template":"template-parts\/template-homepage.php","meta":{"footnotes":""},"class_list":["post-1159","page","type-page","status-publish","hentry"],"yoast_head":"<!-- This site is optimized with the Yoast SEO plugin v27.4 - https:\/\/yoast.com\/product\/yoast-seo-wordpress\/ -->\n<title>Promenades, ballade \u00e0 cheval, Langogne, Lac de Naussac en Loz\u00e8re<\/title>\n<meta name=\"description\" content=\"Les \u00e9curies de Palh\u00e8res - Rando ou promendade \u00e0 cheval Loz\u00e8re, \u00e9cole d&#039;\u00e9quitation Langogne, Lac de Naussac\" \/>\n<meta name=\"robots\" content=\"index, follow, max-snippet:-1, max-image-preview:large, max-video-preview:-1\" \/>\n<link rel=\"canonical\" href=\"https:\/\/lesecuriesdepalheres.fr\/index.php\/promenade\/\" \/>\n<meta property=\"og:locale\" content=\"fr_FR\" \/>\n<meta property=\"og:type\" content=\"article\" \/>\n<meta property=\"og:title\" content=\"Promenades, ballade \u00e0 cheval, Langogne, Lac de Naussac en Loz\u00e8re\" \/>\n<meta property=\"og:description\" content=\"Les \u00e9curies de Palh\u00e8res - Rando ou promendade \u00e0 cheval Loz\u00e8re, \u00e9cole d&#039;\u00e9quitation Langogne, Lac de Naussac\" \/>\n<meta property=\"og:url\" content=\"https:\/\/lesecuriesdepalheres.fr\/index.php\/promenade\/\" \/>\n<meta property=\"og:site_name\" content=\"Les \u00e9curies de Palh\u00e8res\" \/>\n<meta property=\"article:publisher\" content=\"https:\/\/www.facebook.com\/lesecuriesdepalheres\" \/>\n<meta property=\"article:modified_time\" content=\"2025-05-05T14:17:42+00:00\" \/>\n<meta property=\"og:image\" content=\"https:\/\/lesecuriesdepalheres.fr\/wp-content\/uploads\/2019\/03\/4.jpg\" \/>\n<meta name=\"twitter:card\" content=\"summary_large_image\" \/>\n<meta name=\"twitter:label1\" content=\"Dur\u00e9e de lecture estim\u00e9e\" \/>\n\t<meta name=\"twitter:data1\" content=\"2 minutes\" \/>\n<script type=\"application\/ld+json\" class=\"yoast-schema-graph\">{\"@context\":\"https:\\\/\\\/schema.org\",\"@graph\":[{\"@type\":\"WebPage\",\"@id\":\"https:\\\/\\\/lesecuriesdepalheres.fr\\\/index.php\\\/promenade\\\/\",\"url\":\"https:\\\/\\\/lesecuriesdepalheres.fr\\\/index.php\\\/promenade\\\/\",\"name\":\"Promenades, ballade \u00e0 cheval, Langogne, Lac de Naussac en Loz\u00e8re\",\"isPartOf\":{\"@id\":\"https:\\\/\\\/lesecuriesdepalheres.fr\\\/#website\"},\"primaryImageOfPage\":{\"@id\":\"https:\\\/\\\/lesecuriesdepalheres.fr\\\/index.php\\\/promenade\\\/#primaryimage\"},\"image\":{\"@id\":\"https:\\\/\\\/lesecuriesdepalheres.fr\\\/index.php\\\/promenade\\\/#primaryimage\"},\"thumbnailUrl\":\"https:\\\/\\\/lesecuriesdepalheres.fr\\\/wp-content\\\/uploads\\\/2019\\\/03\\\/4.jpg\",\"datePublished\":\"2019-02-20T22:54:53+00:00\",\"dateModified\":\"2025-05-05T14:17:42+00:00\",\"description\":\"Les \u00e9curies de Palh\u00e8res - Rando ou promendade \u00e0 cheval Loz\u00e8re, \u00e9cole d'\u00e9quitation Langogne, Lac de Naussac\",\"breadcrumb\":{\"@id\":\"https:\\\/\\\/lesecuriesdepalheres.fr\\\/index.php\\\/promenade\\\/#breadcrumb\"},\"inLanguage\":\"fr-FR\",\"potentialAction\":[{\"@type\":\"ReadAction\",\"target\":[\"https:\\\/\\\/lesecuriesdepalheres.fr\\\/index.php\\\/promenade\\\/\"]}]},{\"@type\":\"ImageObject\",\"inLanguage\":\"fr-FR\",\"@id\":\"https:\\\/\\\/lesecuriesdepalheres.fr\\\/index.php\\\/promenade\\\/#primaryimage\",\"url\":\"https:\\\/\\\/lesecuriesdepalheres.fr\\\/wp-content\\\/uploads\\\/2019\\\/03\\\/4.jpg\",\"contentUrl\":\"https:\\\/\\\/lesecuriesdepalheres.fr\\\/wp-content\\\/uploads\\\/2019\\\/03\\\/4.jpg\"},{\"@type\":\"BreadcrumbList\",\"@id\":\"https:\\\/\\\/lesecuriesdepalheres.fr\\\/index.php\\\/promenade\\\/#breadcrumb\",\"itemListElement\":[{\"@type\":\"ListItem\",\"position\":1,\"name\":\"Accueil\",\"item\":\"https:\\\/\\\/lesecuriesdepalheres.fr\\\/\"},{\"@type\":\"ListItem\",\"position\":2,\"name\":\"Promenade \u00e0 l&rsquo;heure\"}]},{\"@type\":\"WebSite\",\"@id\":\"https:\\\/\\\/lesecuriesdepalheres.fr\\\/#website\",\"url\":\"https:\\\/\\\/lesecuriesdepalheres.fr\\\/\",\"name\":\"Les \u00e9curies de Palh\u00e8res\",\"description\":\"\",\"publisher\":{\"@id\":\"https:\\\/\\\/lesecuriesdepalheres.fr\\\/#organization\"},\"potentialAction\":[{\"@type\":\"SearchAction\",\"target\":{\"@type\":\"EntryPoint\",\"urlTemplate\":\"https:\\\/\\\/lesecuriesdepalheres.fr\\\/?s={search_term_string}\"},\"query-input\":{\"@type\":\"PropertyValueSpecification\",\"valueRequired\":true,\"valueName\":\"search_term_string\"}}],\"inLanguage\":\"fr-FR\"},{\"@type\":\"Organization\",\"@id\":\"https:\\\/\\\/lesecuriesdepalheres.fr\\\/#organization\",\"name\":\"Les \u00e9curies de Palh\u00e8res\",\"url\":\"https:\\\/\\\/lesecuriesdepalheres.fr\\\/\",\"logo\":{\"@type\":\"ImageObject\",\"inLanguage\":\"fr-FR\",\"@id\":\"https:\\\/\\\/lesecuriesdepalheres.fr\\\/#\\\/schema\\\/logo\\\/image\\\/\",\"url\":\"https:\\\/\\\/lesecuriesdepalheres.fr\\\/wp-content\\\/uploads\\\/2019\\\/02\\\/Logo.png\",\"contentUrl\":\"https:\\\/\\\/lesecuriesdepalheres.fr\\\/wp-content\\\/uploads\\\/2019\\\/02\\\/Logo.png\",\"width\":622,\"height\":836,\"caption\":\"Les \u00e9curies de Palh\u00e8res\"},\"image\":{\"@id\":\"https:\\\/\\\/lesecuriesdepalheres.fr\\\/#\\\/schema\\\/logo\\\/image\\\/\"},\"sameAs\":[\"https:\\\/\\\/www.facebook.com\\\/lesecuriesdepalheres\"]}]}<\/script>\n<!-- \/ Yoast SEO plugin. -->","yoast_head_json":{"title":"Promenades, ballade \u00e0 cheval, Langogne, Lac de Naussac en Loz\u00e8re","description":"Les \u00e9curies de Palh\u00e8res - Rando ou promendade \u00e0 cheval Loz\u00e8re, \u00e9cole d'\u00e9quitation Langogne, Lac de Naussac","robots":{"index":"index","follow":"follow","max-snippet":"max-snippet:-1","max-image-preview":"max-image-preview:large","max-video-preview":"max-video-preview:-1"},"canonical":"https:\/\/lesecuriesdepalheres.fr\/index.php\/promenade\/","og_locale":"fr_FR","og_type":"article","og_title":"Promenades, ballade \u00e0 cheval, Langogne, Lac de Naussac en Loz\u00e8re","og_description":"Les \u00e9curies de Palh\u00e8res - Rando ou promendade \u00e0 cheval Loz\u00e8re, \u00e9cole d'\u00e9quitation Langogne, Lac de Naussac","og_url":"https:\/\/lesecuriesdepalheres.fr\/index.php\/promenade\/","og_site_name":"Les \u00e9curies de Palh\u00e8res","article_publisher":"https:\/\/www.facebook.com\/lesecuriesdepalheres","article_modified_time":"2025-05-05T14:17:42+00:00","og_image":[{"url":"https:\/\/lesecuriesdepalheres.fr\/wp-content\/uploads\/2019\/03\/4.jpg","type":"","width":"","height":""}],"twitter_card":"summary_large_image","twitter_misc":{"Dur\u00e9e de lecture estim\u00e9e":"2 minutes"},"schema":{"@context":"https:\/\/schema.org","@graph":[{"@type":"WebPage","@id":"https:\/\/lesecuriesdepalheres.fr\/index.php\/promenade\/","url":"https:\/\/lesecuriesdepalheres.fr\/index.php\/promenade\/","name":"Promenades, ballade \u00e0 cheval, Langogne, Lac de Naussac en Loz\u00e8re","isPartOf":{"@id":"https:\/\/lesecuriesdepalheres.fr\/#website"},"primaryImageOfPage":{"@id":"https:\/\/lesecuriesdepalheres.fr\/index.php\/promenade\/#primaryimage"},"image":{"@id":"https:\/\/lesecuriesdepalheres.fr\/index.php\/promenade\/#primaryimage"},"thumbnailUrl":"https:\/\/lesecuriesdepalheres.fr\/wp-content\/uploads\/2019\/03\/4.jpg","datePublished":"2019-02-20T22:54:53+00:00","dateModified":"2025-05-05T14:17:42+00:00","description":"Les \u00e9curies de Palh\u00e8res - Rando ou promendade \u00e0 cheval Loz\u00e8re, \u00e9cole d'\u00e9quitation Langogne, Lac de Naussac","breadcrumb":{"@id":"https:\/\/lesecuriesdepalheres.fr\/index.php\/promenade\/#breadcrumb"},"inLanguage":"fr-FR","potentialAction":[{"@type":"ReadAction","target":["https:\/\/lesecuriesdepalheres.fr\/index.php\/promenade\/"]}]},{"@type":"ImageObject","inLanguage":"fr-FR","@id":"https:\/\/lesecuriesdepalheres.fr\/index.php\/promenade\/#primaryimage","url":"https:\/\/lesecuriesdepalheres.fr\/wp-content\/uploads\/2019\/03\/4.jpg","contentUrl":"https:\/\/lesecuriesdepalheres.fr\/wp-content\/uploads\/2019\/03\/4.jpg"},{"@type":"BreadcrumbList","@id":"https:\/\/lesecuriesdepalheres.fr\/index.php\/promenade\/#breadcrumb","itemListElement":[{"@type":"ListItem","position":1,"name":"Accueil","item":"https:\/\/lesecuriesdepalheres.fr\/"},{"@type":"ListItem","position":2,"name":"Promenade \u00e0 l&rsquo;heure"}]},{"@type":"WebSite","@id":"https:\/\/lesecuriesdepalheres.fr\/#website","url":"https:\/\/lesecuriesdepalheres.fr\/","name":"Les \u00e9curies de Palh\u00e8res","description":"","publisher":{"@id":"https:\/\/lesecuriesdepalheres.fr\/#organization"},"potentialAction":[{"@type":"SearchAction","target":{"@type":"EntryPoint","urlTemplate":"https:\/\/lesecuriesdepalheres.fr\/?s={search_term_string}"},"query-input":{"@type":"PropertyValueSpecification","valueRequired":true,"valueName":"search_term_string"}}],"inLanguage":"fr-FR"},{"@type":"Organization","@id":"https:\/\/lesecuriesdepalheres.fr\/#organization","name":"Les \u00e9curies de Palh\u00e8res","url":"https:\/\/lesecuriesdepalheres.fr\/","logo":{"@type":"ImageObject","inLanguage":"fr-FR","@id":"https:\/\/lesecuriesdepalheres.fr\/#\/schema\/logo\/image\/","url":"https:\/\/lesecuriesdepalheres.fr\/wp-content\/uploads\/2019\/02\/Logo.png","contentUrl":"https:\/\/lesecuriesdepalheres.fr\/wp-content\/uploads\/2019\/02\/Logo.png","width":622,"height":836,"caption":"Les \u00e9curies de Palh\u00e8res"},"image":{"@id":"https:\/\/lesecuriesdepalheres.fr\/#\/schema\/logo\/image\/"},"sameAs":["https:\/\/www.facebook.com\/lesecuriesdepalheres"]}]}},"_links":{"self":[{"href":"https:\/\/lesecuriesdepalheres.fr\/index.php\/wp-json\/wp\/v2\/pages\/1159","targetHints":{"allow":["GET"]}}],"collection":[{"href":"https:\/\/lesecuriesdepalheres.fr\/index.php\/wp-json\/wp\/v2\/pages"}],"about":[{"href":"https:\/\/lesecuriesdepalheres.fr\/index.php\/wp-json\/wp\/v2\/types\/page"}],"author":[{"embeddable":true,"href":"https:\/\/lesecuriesdepalheres.fr\/index.php\/wp-json\/wp\/v2\/users\/2"}],"replies":[{"embeddable":true,"href":"https:\/\/lesecuriesdepalheres.fr\/index.php\/wp-json\/wp\/v2\/comments?post=1159"}],"version-history":[{"count":70,"href":"https:\/\/lesecuriesdepalheres.fr\/index.php\/wp-json\/wp\/v2\/pages\/1159\/revisions"}],"predecessor-version":[{"id":2438,"href":"https:\/\/lesecuriesdepalheres.fr\/index.php\/wp-json\/wp\/v2\/pages\/1159\/revisions\/2438"}],"wp:attachment":[{"href":"https:\/\/lesecuriesdepalheres.fr\/index.php\/wp-json\/wp\/v2\/media?parent=1159"}],"curies":[{"name":"wp","href":"https:\/\/api.w.org\/{rel}","templated":true}]}}